3*2862/(6 + 0)?
3, 53
Let p = -25955 + 57065. What are the prime factors of p?
2, 3, 5, 17, 61
Let d(v) = 5*v**3 + 13*v**2 + 6*v + 177. What are the prime factors of d(18)?
3, 13, 863
Let q(n) = 8*n**3 + n**2 + n - 1. Let u be q(1). Let i be (-27)/(-2)*(7 + u). Suppose 5*w - i = 819. What are the prime factors of w?
3, 23
What are the prime factors of 11913 + 313 + 10/(-2)?
11, 101
Let a = -4521 - -13746. List the prime factors of a.
3, 5, 41
Suppose -14*n = -4*n - 6580. Let t = n + -409. What are the prime factors of t?
3, 83
Suppose 1 + 9 = 2*m - 2*x, -5*m + 35 = -3*x. Let n = m - -38. Let p = n - -49. What are the prime factors of p?
97
Suppose 2*u = -7*u + 77670. What are the prime factors of u?
2, 5, 863
Suppose -k - r + 4625 = 0, 5*r + 7 = 2. Suppose -5*u - 491 = -k. List the prime factors of u.
827
Let d be (-96)/36*(27/(-12) - -3). Let p(f) = -3*f**3 - 5*f**2 + f + 4. List the prime factors of p(d).
2, 3
Suppose -2*o - 4956 = -14*o. Let h = o - 104. What are the prime factors of h?
3, 103
Suppose 0 = -6*a - 34 + 64. Suppose 11*n = a*n - 1110. Let p = 5 - n. List the prime factors of p.
2, 5, 19
Let o(p) = -184*p + 17. Let y be o(2). Let l = -3 - y. List the prime factors of l.
2, 3, 29
Suppose d = 122 - 102. Suppose -22*h = -18*h - d. What are the prime factors of h?
5
Let k = 5315 + -4403. What are the prime factors of k?
2, 3, 19
Let n(k) = 5633 - 5266 + 4*k + k. List the prime factors of n(0).
367
Let h be (3 + (-12)/8)/(3/8). List the prime factors of (h/8*-14)/((-3)/147).
7
Let m(b) = -b**3 + 9*b**2 - 9*b + 2. Let x be m(8). List the prime factors of (-8)/(-16) + -2 + (-4995)/x.
3, 277
Suppose 308994 + 667418 = 17*h. What are the prime factors of h?
2, 83, 173
What are the prime factors of (-1)/6 - (-530794)/132?
4021
Let z = 68393 - 36181. What are the prime factors of z?
2, 8053
Suppose -5*s = 2*z - 33, 0*z - 4 = -z. Suppose -3*o = -2*y - o + 10, -5*y - s*o + 35 = 0. Suppose -y*j + 3*j = -285. What are the prime factors of j?
5, 19
Let k be (6/3 - 3)*-3801. Let d be 2/9 + 4/(108/k). Let a = d + -48. List the prime factors of a.
3, 31
Let h(x) = 42*x - 39. Let y be h(7). Let c = 772 - y. List the prime factors of c.
11, 47
Let y be (-6 + -12)/((-7)/4 + 1). Suppose y*c = 31*c - 2688. What are the prime factors of c?
2, 3
Let z be ((-12)/9)/((-4)/18). Let t be ((-38)/57)/((-1)/z). Suppose -t*c = 4*w - 120 - 72, w - 60 = 3*c. What are the prime factors of w?
3, 17
Suppose -5*x - 25 = 0, 4*g - 455 = 4*x - 27. Suppose -g - 102 = -4*k. Suppose 3*c + 35 = t, -2*t + k = 2*c - 51. What are the prime factors of t?
47
Suppose 9*r - 96206 - 4121 = -25204. What are the prime factors of r?
17, 491
List the prime factors of (-13648996)/(-2086) + 2/(-14).
3, 727
What are the prime factors of (-21 - -10 - 268)*(-592)/12?
2, 3, 31, 37
Let i = 1699 - -1064. Let b = i - 1508. List the prime factors of b.
5, 251
Let z = -99 - -189. Let c be (-9)/(45/(-20)) - 4. What are the prime factors of (c + -17)/(1 + z/(-81))?
3, 17
Let q be (212/6)/(2/3). Suppose 4*d + 2*v = -0*v + 194, -135 = -3*d - 5*v. Suppose d*n + 519 = q*n. What are the prime factors of n?
173
List the prime factors of ((-150280)/(-6) - -2) + (320/60)/4.
2, 3, 5, 167
Let l(r) = -r**2 + r - 1. Let q be l(0). Let w be 3 + q*(0 + 4). List the prime factors of w - ((-14)/(-4))/((-10)/140).
2, 3
Let r(f) = 50*f**2 + 52*f - 91. What are the prime factors of r(11)?
3, 7, 311
Suppose 38*k - 42*k = -2*i + 20988, 5*k = 4*i - 41967. What are the prime factors of i?
2, 3, 19, 23
Let i(k) = 20*k**2 + 3*k - 31. List the prime factors of i(5).
2, 11
Let b = 17 - 9. Let o be b + (3/6)/(2/(-4)). Suppose j - o = 110. List the prime factors of j.
3, 13
Suppose -2*b - 5*h + 31579 = 0, -114*h - 20 = -118*h. What are the prime factors of b?
3, 1753
Let a(l) = 2*l**3 - 9*l**2 + 10*l - 15. Let g be a(6). Let r = 379 - g. List the prime factors of r.
2, 113
Suppose w - 28876 = -3*l, -14*w + 16*w + 2*l = 57760. What are the prime factors of w?
2, 7, 2063
Suppose -8 = -2*d - y - 1, -9 = -3*y. What are the prime factors of ((1152/45)/(-8))/(d/(-200))?
2, 5
Suppose -h + 40 = 3*h. Let l be 0*(-5)/h + (-1 - -5). Suppose 275 = 5*z - 5*u, -85 = -l*z - u + 115. What are the prime factors of z?
3, 17
Let q(u) be the second derivative of u**4/12 - 7*u**3/6 + 5*u**2/2 + 11*u. Let s be q(11). Suppose -y + s = -10. What are the prime factors of y?
59
Let l = -638 - -1353. Suppose 5*d = -4*b + 947, 19*b - 22*b = -d - l. List the prime factors of b.
2, 7, 17
Suppose 252 - 256 = 2*d. Let q(z) = 9*z**2 - 4*z + 1. Let k be q(3). What are the prime factors of 1740/k + d/(-14)?
5
Suppose 49*a - 52920 = -21*a. List the prime factors of a.
2, 3, 7
Suppose 2*v + 128 = -2*v - n, -5*v - 139 = -4*n. Let h = v + 33. Suppose 0*j = -h*j + 70. List the prime factors of j.
5, 7
Let l be 52 - (48/(-128) - (-35)/8). List the prime factors of -19*(7 - (l - 5)).
2, 3, 19
Let f be (5 - (-6136)/36) + 4/(-9). Suppose -176*u + f*u - 9876 = -5*c, -c = 2*u - 1973. What are the prime factors of c?
5, 79
Suppose -4*w - 12 = 5*u - w, 0 = 3*u + 4*w + 5. List the prime factors of 6 + (-4 - u) + 483*1.
2, 61
Suppose d + 11660 = 5*k, 2 + 3 = d. Suppose -5*j = -2162 - k. List the prime factors of j.
29, 31
Let b(k) = -5*k**3 - k**2 - k + 2. Let a be (-41)/(-164) + (-13)/4. List the prime factors of b(a).
131
Let n = 12704 + -6587. What are the prime factors of n?
3, 2039
Let y(k) = 25*k + 94. Suppose 13*l - 10 = 107. List the prime factors of y(l).
11, 29
Let q = 1434 - -65. Suppose 3*i + 5*z - 10*z = 909, -5*i + q = -3*z. List the prime factors of i.
2, 149
Suppose -15*t = 57*t - 568440. What are the prime factors of t?
5, 1579
Suppose 2*c + 2*d = 9289 + 1969, -c - 4*d = -5644. What are the prime factors of c?
2, 19, 37
Let d = 26695 + -6522. What are the prime factors of d?
20173
Let w(b) = 65*b**2 - 136*b - 31. List the prime factors of w(25).
2, 3, 6199
Suppose 31148 = 2*a - j, -2*a - 10*j + 31144 = -12*j. List the prime factors of a.
2, 3, 11, 59
Suppose 0 = 57*b - 23*b - 68. Suppose b*u = 1115 + 273. What are the prime factors of u?
2, 347
Let a = -4226 + 4917. List the prime factors of a.
691
Let u(a) = -8*a + 58. Let v be u(7). List the prime factors of 8/v - ((-3348)/9 + 3).
373
Let g = 144 + 357. List the prime factors of g + -2 + -24 + 19.
2, 13, 19
List the prime factors of (-3)/(-5) + 55/((-5500)/(-331440)).
3, 5, 13, 17
Suppose 2*i - 321 = -4*v - 3, -i + 319 = 4*v. Let w be (-48)/(-20)*v/6. Suppose -710 = 27*k - w*k. What are the prime factors of k?
2, 71
Let o(j) = -5*j**2 + 13*j**3 - 24*j**3 - j + 13*j**3 - 1. Let u be o(4). Suppose -317 = -5*t + u. What are the prime factors of t?
2, 3
Let t be (-4 - (-2170)/4)/(12/32). Let x = t + -902. What are the prime factors of x?
2, 3, 89
Let b = 1058 + -688. List the prime factors of (b/(-6))/(-8 + (-230)/(-30)).
5, 37
Suppose -3*k + 2*m + 161338 = 0, -2*m = 11*k - 16*k + 268894. List the prime factors of k.
2, 3, 8963
Suppose 3*l - 2*h - 2657 = 0, -129*h = -5*l - 125*h + 4431. List the prime factors of l.
883
Suppose -3*d = 15, 2*c - 3*d = -4*d + 9687. Suppose 10*i = -1406 + c. What are the prime factors of i?
2, 43
Suppose 121 + 329 = 6*g. Suppose -64*m = -g*m + 3619. List the prime factors of m.
7, 47
Suppose -3*b + 0*b - 3*i - 12 = 0, 0 = -i - 1. Let t(q) = -286*q + 12. List the prime factors of t(b).
2, 3, 5, 29
Let w be (-1)/3*(-36 - 0). Let t be (w/30)/(((-2)/20)/(-1)). Suppose -t*j + 314 = -54. List the prime factors of j.
2, 23
Let m(b) = b**2 + 4. Let h be m(3). Suppose 18*a - 595 = h*a. Let f = a + 17. What are the prime factors of f?
2, 17
Let y(w) = -6*w**3 + 19*w**2 + 24*w + 3. Let p(j) = -5*j**3 + 18*j**2 + 24*j + 2. Let m(c) = -7*p(c) + 6*y(c). List the prime factors of m(-12).
2, 73
What are the prime factors of (76 - -46)/((-12)/(-2802))?
61, 467
Let c = -4527 + 4573. List the prime factors of c.
2, 23
Let z(n) = 123*n + 205. Let a(p) = p**3 - 6*p**2 - 8*p + 17. Let y be a(7). What are the prime factors of z(y)?
5, 7, 41
Let i(p) = -330*p - 163. List the prime factors of i(-4).
13, 89
Suppose 37*i = -90*i + 393827. What are the prime factors of i?
7, 443
What are the prime factors of 10 + 14/4*(-1714720)/(-392)?
2, 5, 383
Let n be (-5 + 5)/(4/(4/(-2))). Suppose 68 = 4*g - 4*l - 40,